3 = 3*o. What are the prime factors of o?
2, 5
Suppose 5*n + 3*j = 103 + 39, 4*n + 3*j = 113. Let l = 0 + n. What are the prime factors of l?
29
Let f(p) = 4 - 5 + 9*p + 0 + 0. Let v be f(-3). List the prime factors of (-5)/(10/v) - -1.
3, 5
Let d = 53 + 1. List the prime factors of d.
2, 3
Let k = 103 + -60. What are the prime factors of k?
43
Suppose 5*j - 7 = -l, 2*j - 2*l + 4 = l. Let w be (12/(-6))/(j/(-11)). Suppose -n = -5*q - 20, -2*n + q + 3*q = -w. What are the prime factors of n?
5
Let g = -104 + 164. Suppose -9 + 49 = 5*x. Suppose 2*y + 20 = 3*u, 0 = x*u - 4*u + 4*y - g. List the prime factors of u.
2, 5
Let d(y) = -20*y**3 + 2*y**2 + 5*y + 4. What are the prime factors of d(-2)?
2, 3
Let h(n) = 6*n**3 - 8*n**2 + n - 6. Let o(p) = -p**3 + p**2 + p. Let g(j) = h(j) + 5*o(j). What are the prime factors of g(4)?
2, 17
Suppose -4*w = -3*i + 28, 2*i - 2*w + 4 = 5*i. Suppose -m - i*m - 5*c = -40, 4*c - 37 = -5*m. Suppose 30 + 25 = m*z. List the prime factors of z.
11
Let h = 6 + -2. Suppose 0 = -4*n + 7 - 3. Suppose -76 = -3*b - 3*u - n, -h*u = 3*b - 80. List the prime factors of b.
2, 5
Suppose 4*w - 9 + 1 = 0. Suppose -10 + w = -4*o. Suppose -3*m + o*p + 46 = 0, -2*m = m + 3*p - 21. List the prime factors of m.
2, 3
Suppose -5*i + 2*i + 214 = 2*q, -3*q + 146 = 2*i. Suppose 0 = 4*c - i - 46. What are the prime factors of c?
29
Suppose 0 = 4*g - 6*g. Suppose 4*t + 2*r - 92 = g, -5*t + 4*r + 69 + 59 = 0. List the prime factors of t.
2, 3
Let m = 303 - 3. List the prime factors of m.
2, 3, 5
Let t(v) = -v + 2. Let h be t(14). List the prime factors of 91/4 - h/48.
23
Let d(i) = 16*i**2 + 2*i - 1 + 0*i + 0*i. Let j be -2*(-5)/(-20)*-2. What are the prime factors of d(j)?
17
Let r = -4 - -8. What are the prime factors of 264/32 - 1/r?
2
Let y = -10 + -20. Let o = y - -44. List the prime factors of o.
2, 7
Suppose 0 = 8*p - 4*p - 528. List the prime factors of p.
2, 3, 11
Let o be (-2)/(-8) - 107/(-4). Suppose 0 = -3*h + o. List the prime factors of 1 - h/(0 + -1).
2, 5
Let a(l) be the third derivative of -l**4/24 - l**3/6 - l**2. Let j be a(-4). Suppose 41 = -0*u + j*u - 4*c, -5*c - 32 = -u. List the prime factors of u.
7
List the prime factors of -2*(-5)/(-8)*-40.
2, 5
Suppose 12 = 3*k + 4*p, 0 = -4*k + p + 1 + 15. Suppose -t + k*t = 33. Suppose -t - 34 = -5*r. List the prime factors of r.
3
Suppose -2*p = -0*p - 34. List the prime factors of p.
17
Let m be 12/3 - (-20)/2. Suppose 3*r = m + 13. What are the prime factors of r?
3
Let s be 22/3 - (-16)/(-12). Suppose p + 0*p - s = 0. List the prime factors of p.
2, 3
Let b = -12 - -9. List the prime factors of 4 - (3/b - -1).
2
Suppose k + 6 = -s, -4*k = -s - 0*s + 14. Let i = k - -4. Suppose i = q - 0*q - 12. List the prime factors of q.
2, 3
Suppose 0 = 6*b - b - 10. Suppose -5*g + 5*z - z + 26 = 0, -4*z = -b*g + 20. What are the prime factors of g?
2
Let a(t) = t**3 + 5*t**2 - 4*t + 7. What are the prime factors of a(-5)?
3
Let m(z) = z**3 - 3*z**2 - 18*z + 5. What are the prime factors of m(7)?
3, 5
Suppose -5*n = -n + 136. Let r = n - -48. Suppose t = -t + r. What are the prime factors of t?
7
Suppose -255 = -8*f + 929. List the prime factors of f.
2, 37
Suppose -g - 2 = 2*z, 5*g + 6*z - 2*z + 4 = 0. Suppose g*a = a - 4. Suppose 0 = -c - 0*c - 5*v - 17, a*c - 3*v = 47. List the prime factors of c.
2
Let h be ((3 + -1)*2)/1. Suppose h*v - 4 = 4. Let w = v - -2. What are the prime factors of w?
2
Let w(h) = 2*h - 7. Let y be w(3). List the prime factors of y + 3 + 2 - -21.
5
Suppose 7*z - 65 = 2*z + 5*j, 0 = -3*z + j + 39. Suppose g - 3 - z = 0. What are the prime factors of g?
2
Suppose 3*u - z + 85 = 0, u = -4*z - 2 - 9. List the prime factors of (-195)/u + 10/(-45).
7
Let z = 4 - 2. Suppose 0*a = -a + z. Suppose -t + a = -0. List the prime factors of t.
2
What are the prime factors of (-974)/(-12) + 1/(-6)?
3
Let r(g) = 3*g - 6. List the prime factors of r(4).
2, 3
Suppose -f + 3*f = -4*o + 142, -3*f - 4*o = -213. Suppose -3*l = -f - 7. Suppose 0*i + l = 3*v - i, 2*i = -2*v + 28. List the prime factors of v.
2, 5
Let o be 4/(-3 - -2 - -2). Let h be 145/15 + (-4)/6. Suppose m - o = h. List the prime factors of m.
13
Let u = -92 + 173. What are the prime factors of u?
3
Suppose -d - 12 = 3*o, 3*o - 7 = 2*o - 4*d. List the prime factors of (-1232)/(-40) - 1/o.
31
Let z be (-3)/(0 + (-2)/2). Let f = 31 + -17. Suppose -f = -2*a + 2*r, -z*a = -r - 19 - 6. What are the prime factors of a?
3
Suppose -4*z - 1 = -17. Suppose -2*l = 3*s - 13, 2*l = -s + 12 + 3. Suppose -52 = z*g - l*g. What are the prime factors of g?
13
Let s be (-4)/14 - 374/14. Let c = s - -49. Suppose 14 = k - y, -k - c = -3*k - y. List the prime factors of k.
2, 3
Let p(u) = -11*u + 6. Let r(l) = 5*l - 3. Let z(s) = -6*p(s) - 13*r(s). Let h = 10 + -2. List the prime factors of z(h).
11
Let b = -35 - -163. What are the prime factors of b?
2
Let f be (2/(-6))/(2/(-18)). Suppose -v = f*t + 3 - 9, 0 = 5*v + 3*t - 30. What are the prime factors of v?
2, 3
Suppose 9 = -3*y, -5*y - 33 = -2*s - 6. Suppose 0 = o + r - 25, 2*r + r = -2*o + 47. Suppose -s*w = -4*w - u - o, u = 0. List the prime factors of w.
2, 7
Let a(q) be the first derivative of q**4/4 + q**2/2 + 2*q + 4. Let l be a(0). Suppose l*d - 33 = -d. What are the prime factors of d?
11
Suppose -2*d = 2*d + 5*u - 43, 4*d + 2*u = 46. What are the prime factors of d?
2, 3
Suppose 4*b - 372 = -2*b. List the prime factors of b.
2, 31
Suppose -12*c + 16 = -8*c. List the prime factors of c.
2
Suppose -2*h + 4*v - 166 = 2*v, 341 = -4*h + v. Let g = h + 127. What are the prime factors of g?
41
Let s(c) = c**2 + 8. Let a be s(6). Suppose 164 = 5*l + a. List the prime factors of l.
2, 3
Suppose -5*v + 7 = -3. Suppose -u + 4*d = 3*u, u - 10 = -4*d. Suppose -v*q = u*q - 48. List the prime factors of q.
2, 3
Let p be (-2)/(-6) - (-10)/6. Suppose 0*n = -p*n. List the prime factors of (-7 + 3)*(-2 - n).
2
Let y = 7 + -5. What are the prime factors of y/(-4)*(-32)/2?
2
What are the prime factors of (-185)/(-2) + 12/8?
2, 47
Let t(l) = l + 4. Let d be t(4). Let v = 2 + d. What are the prime factors of v?
2, 5
Suppose -6*u + u + 4*k + 336 = 0, 116 = 2*u + 3*k. List the prime factors of u.
2
Suppose 0 = 4*y - 2*l + 140, 0*y + y - 4*l + 21 = 0. Let j = y - -53. What are the prime factors of j?
2
Let l(b) = -b**3 + 13*b**2 + 4*b - 2. Let j be l(13). Let d = j + -27. List the prime factors of d.
23
Let c(y) be the first derivative of 2*y**3/3 + y**2 - y - 1. Let i be c(-2). Suppose -4*s + 41 = p, -s + p + 5 = i*p. List the prime factors of s.
11
Suppose -2*r = 4*g - 5*g - 10, 10 = 2*r - 2*g. Suppose -6 = -r*s + 24. What are the prime factors of s?
2, 3
Let h = -220 + 320. What are the prime factors of h?
2, 5
Suppose -g + 5 = -2. Suppose 22 = 3*o + g. What are the prime factors of o?
5
Let g = 114 + -53. Suppose g = 3*j - 3*n + 4, 2*n = -3*j + 47. What are the prime factors of j?
17
Suppose 0 = g + 2*g - 63. List the prime factors of g.
3, 7
Let q(m) = -m**2 - 4*m + 4. Let z be q(-4). Suppose -2*y = -3*g - 0*g + 13, g = -z*y - 5. List the prime factors of g.
3
Suppose -4*r - 3*p = -28, -6*r - 8 = -3*r - 5*p. Suppose -173 = -r*z - 33. List the prime factors of z.
5, 7
Suppose -3*a = -4*t + 188, -3*t - 172 = -7*t - a. Suppose -v = 3*v + t. Let f = v - -23. What are the prime factors of f?
2, 3
Suppose 0 = 6*y + 36 - 54. What are the prime factors of y?
3
Let q(a) = a**3 - 3*a**2 + 2*a + 2. Let z be q(5). Let l = z + -39. List the prime factors of l.
23
Suppose -3 = -2*f + 3. Let p be (2/(-4))/(f/36). Let m = p + 14. What are the prime factors of m?
2
Let c(x) = x**2 - 8*x - 7. Let d be c(9). Suppose 6 = -w + d*w. List the prime factors of 8/6*1*w.
2
Suppose w = -0*w + 5. What are the prime factors of w?
5
Let a(l) = -l - 4 - 1 + l**2 + l + 2*l. List the prime factors of a(-5).
2, 5
Suppose -t + 1120 = 13*t. List the prime factors of t.
2, 5
Suppose 0*o - 3*o - 5*a + 630 = 0, 3*o = 2*a + 651. What are the prime factors of o?
5, 43
Let p be 9/(-6)*(-4)/2. Suppose 7 = 2*s + p. List the prime factors of s.
2
Let v = 2 - 3. Let u(z) = 7*z**2 - 1. List the prime factors of u(v).
2, 3
Let t be (-4)/(-12)*63*1. Suppose 4*p = p + t. List the prime factors of p.
7
List the prime factors of (-1 - (-3 - -1